 the second derivative of 3*b**4/2 + 5*b**3/6 - b**2/2 - b + 10. Is r(4) a prime number?
True
Suppose 2*x + 11 = 4*r + 1, 4*x + 20 = r. Suppose 0 = -r*b - 3*b + 12756. Suppose 5*h = b + 22803. Is h composite?
True
Let v = 21190 + 117831. Is v composite?
False
Let q = -86876 - -122937. Is q composite?
False
Let z = 0 - -1. Let u(t) be the first derivative of 13*t**2 + 286. Is u(z) a composite number?
True
Suppose -93*b + 61405775 + 47755858 = 0. Is b a composite number?
True
Let w = 1035 + -3437. Is (1 + 3 + -6)*w/4 prime?
True
Let a(p) = 66*p**2 + 1. Suppose -20 + 8 = -6*j. Suppose -j*g = -0*g - 2. Is a(g) a prime number?
True
Let q(d) = 85*d**2 + d - 3 - 7*d**2 - 5. Let a(g) = g**2 + g - 1. Let i(b) = -6*a(b) + q(b). Is i(-5) a composite number?
False
Let v = 994183 - 531956. Is v a composite number?
True
Let w = -24181 + 44932. Let t = 10840 + w. Is t a composite number?
True
Is 31/(5425/31441500) + ((-4)/7)/(-2) a composite number?
True
Suppose -i - 4*m = -198071, 0 = 5*i + 11*m - 6*m - 990430. Is i a composite number?
False
Suppose 14947 = -5*v - 4*f, -2*v = -4*v + f - 5984. Let h = 162 - v. Is h prime?
False
Let n = -125 + 523. Let w = n + -211. Is w composite?
True
Let t = 5346 + -3718. Let b = -807 + t. Is b prime?
True
Suppose 5*w - 4*a = 11, -3*w + 3*a - 18 = -8*w. Let c be 40/2 + (0 - w). Is (-591)/(-2) + c/(-34) a prime number?
False
Let t = 20 + -16. Suppose -4*m = -2*m - j - 3, 5*m + 5*j + 15 = 0. Suppose -3*r + 6*r - 5*a - 4201 = 0, m = 5*r + t*a - 7014. Is r a prime number?
False
Suppose u - 6 = -j, -3*j - 5*u + 14 = -6. Let b be j + 57/(-12) + 10/(-8). Is (-276)/8*b/(3/4) composite?
True
Suppose 1 = 20*c - 39. Is 58/c*(18 + -7) prime?
False
Let o(r) = 55*r - 16. Let a = -45 + 49. Suppose -a*f = -14*f + 30. Is o(f) composite?
False
Let n(b) = b - 29. Let g be n(31). Suppose k + 23449 = 3*u, 0 = -3*u + g*k + 23179 + 268. Is u a prime number?
True
Is (-4)/((-4187144)/2093564 + (-18)/(-9)) a prime number?
False
Let o(y) = -16*y**2 - 126*y - 86. Let r(v) = 3*v**2 + 25*v + 17. Let u be (-95)/10 + (-3)/2. Let g(t) = u*r(t) - 2*o(t). Is g(-9) prime?
False
Let a = -10552 - -14850. Suppose 0 = -3*s + 6*s + v - 6447, v - a = -2*s. Is s a composite number?
True
Let g(t) = 12*t - 16. Let q be g(0). Let l(y) = -y**3 - 10*y**2 + 6*y + 31. Is l(q) a prime number?
True
Let r(y) = -y**3 + 4*y - 12. Let p(w) = -w**2 - w + 1. Let b = 118 + -119. Let k(c) = b*r(c) - 5*p(c). Is k(6) prime?
True
Suppose 10*q - 26154 = 4*q. Suppose -4*t - r + 17478 = 0, 2*r - q = -t + 7*r. Is t prime?
False
Let l be 6/4 - ((-1683)/(-18))/11. Is -631*(14/l - 3) composite?
True
Suppose -3*j - 2*q = -4*q - 10, -2*j = -q - 7. Suppose 1110 = s - 5*k + 251, 5*s = j*k + 4379. Is (s/(-6))/((-5)/10) composite?
False
Let c = -54681 + 94384. Is c composite?
False
Let z(g) = -1781*g + 39. Let y be z(-3). Suppose -11*n = 7*n - y. Is n composite?
True
Let r(b) = 38760*b - 201. Is r(1) composite?
True
Suppose 3*c - 2*d - 40973 = 53670, 0 = 5*c + 5*d - 157755. Is c composite?
True
Suppose -2*k - 10 = -2*v, 0 = 4*v + k + 3 + 2. Suppose v = -19*c - c + 50060. Is c a composite number?
False
Let c be ((-20168)/5)/((-3)/(-75)*-5). Suppose -4*n + 10090 = 2*p, -7*n + 3*n = 4*p - c. Is p a prime number?
True
Let z = 359 - 354. Suppose 5*p + 13 = -2, -j + 18122 = z*p. Is j a prime number?
False
Let x = -84 + 87. Let b be (5 - 269/x)*3. Let g = 192 - b. Is g composite?
True
Suppose 4*o + 12 = 2*o, -139850 = -2*m - 2*o. Is m prime?
True
Suppose -3*w = 83*w - 75232714. Is w composite?
False
Suppose -5*j + 283243 = -i, -2*j - i + 12591 = -100695. Is j a prime number?
False
Suppose -12*x - 32 = -4*x. Let m(w) = -45*w**3 + 9*w**2 + 2*w - 5. Is m(x) a composite number?
False
Let q = 2673 - -2603. Is q - 1*(5 + -2) prime?
True
Let u = -1041 - -1582. Is u a prime number?
True
Suppose 3*y + 8189 = 740. Let q = y + 5380. Is q a composite number?
False
Let g(z) = -3*z**2 - 32*z - 39. Let a be g(-17). Let p = a + 1321. Is p composite?
True
Suppose 970750 = 414*y - 400*y - 51054. Is y a prime number?
False
Let w(b) be the second derivative of -415*b**3/6 + 9*b**2 - b. Let f be w(-8). Let j = f + -1491. Is j prime?
True
Suppose -10*a + 22064 = 2794. Is a prime?
False
Suppose 52*x - 3652571 + 2427098 = 5260955. Is x a composite number?
False
Let k = 260892 - 124883. Is k a prime number?
False
Suppose 114991 + 22221 = 4*i. Let w = i + 80962. Is w a prime number?
False
Let x(p) = p**3 + 2*p**2 + 2*p - 2. Let d be x(2). Let b = 23 - d. Suppose 950 = 2*c - 2*s + 6*s, s = -b*c + 2339. Is c a composite number?
False
Let j(t) = -t**3 - 4*t**2 - 2*t + 5. Let w be j(-3). Let n be (w/(-4))/((-1)/6). Let f(q) = 9*q**3 - 2*q**2 - 6*q + 6. Is f(n) composite?
True
Is ((-22)/(-12) - (-21)/(-14))*150357 composite?
False
Let x be (-59)/4 - (-9)/12. Let z(a) = -2*a**2 + 14*a - 20. Let k be z(x). Let u = -406 - k. Is u composite?
True
Let b = -63 - -49. Let h be (b/(-70))/((-2)/(-10)). Is -1347*(h*(1 - 4) - -2) a prime number?
False
Is 14918*(170/102 + (-4)/6) - 4 composite?
True
Suppose 0 = n - 97517 - 40254. Is n composite?
False
Let s(b) = -4*b**3 + 8*b**2 + 4*b + 36. Let h be s(-14). Suppose 10*x + h = 62914. Is x a prime number?
True
Let z(u) be the first derivative of 10/3*u**3 - 9*u + 7/2*u**2 - 17. Is z(4) a composite number?
False
Let q(x) = 591*x**3 + 4*x**2 - 2*x - 58. Is q(4) prime?
False
Suppose 0 = 3*r - y - 3704, -6*r + 4937 = -2*r - y. Let i = -194 + r. Is i a prime number?
True
Let c(s) = 5*s - 5. Let b be c(1). Suppose 0 = 12*l - 7*l - 3*q - 1163, 4*l + 5*q - 960 = b. Is l a composite number?
True
Suppose -1089320 = -66*r + 341758. Is r a composite number?
False
Let a = 561 + -558. Suppose 0 = 4*o - a*n - 108529 + 18074, 5*o = -2*n + 113063. Is o composite?
False
Let c(w) = 1734*w - 13. Let g be c(4). Suppose 20*f - 1017 = g. Is f a composite number?
False
Let d(x) = 4 + 17 - x**3 - 49*x - 96*x + 55*x**2 + 29*x. Is d(49) a prime number?
False
Let k = 65531 - 34134. Is k prime?
True
Suppose 2215796 = 26*c + 18*c. Is c a prime number?
True
Let t(r) = -2*r**2 - 35*r + 20. Let l be t(-18). Let c be -2 + -4 + l - 323. Let x = c + 586. Is x a composite number?
True
Suppose 21 + 39 = 15*g. Suppose -v - 2250 = -3*a, -g*a - 5*v = 1125 - 4144. Is a composite?
False
Suppose -42*m + 41*m + 87 = 0. Let r = m - 83. Is r*(188/16 + (0 - 1)) a composite number?
False
Let l = 68 - -253. Let d = l + 217. Is d a composite number?
True
Let j(d) = -207*d + 1139. Is j(-26) a prime number?
True
Suppose -3477 + 625 = 4*f. Suppose 375*s + 12120 = 365*s. Let t = f - s. Is t prime?
True
Let u = 34563 + -2974. Is u a composite number?
True
Suppose 2*n + 4*t - 180508 = 0, -4*n = 4*t - 2*t - 360998. Let w = 178077 - n. Is w a composite number?
True
Suppose j - 3 - 6 = 0. Let q(i) = -i**2 + 8*i + 11. Let m be q(j). Suppose -4*d + m*s - s + 462 = 0, 3*d = -s + 343. Is d prime?
False
Suppose -19582 = 4*c - 2*v - 3846, -c - 3952 = 4*v. Let o be -2 - (2 + c/(-3)). Is (0 - 5)*o/70 a prime number?
False
Let n(o) = 50*o**2 - 8*o + 79. Suppose 0 = -17*t - 2*t + 133. Is n(t) a composite number?
False
Suppose -20*f = -10457 - 180363. Suppose f = 8*k - k. Is k prime?
False
Suppose d - 2*f = 106869, 11*d - 6*d = f + 534381. Is d a composite number?
False
Let k = 7 - 24. Let j(d) = 5*d**2 - 22*d - 9. Let y(p) = -13*p**2 + 67*p + 27. Let f(i) = -8*j(i) - 3*y(i). Is f(k) a prime number?
True
Let z = -202 - -197. Is 5019 - z/((-20)/(-8)) prime?
True
Let q be (-9)/(-5) - (3 - 16/5). Suppose -4*o - o = 0. Suppose 0 = -q*l - o*l + 3178. Is l composite?
True
Is (-4)/(-6)*98178711/346 a prime number?
True
Let d = -33160 + 166565. Is d composite?
True
Suppose 4*g + 15527 = -3*h + 60194, -5*h + 4*g + 74381 = 0. Is h a composite number?
True
Suppose -4*b + 430373 = -1391417 + 195602. Is b a prime number?
True
Suppose 6269112 - 81980 = 28*z. Is z composite?
True
Is 18/72 - (-400275)/4 composite?
False
Let k be -2 - ((-15)/5 + -4). Suppose -3 = -k*p + 2*g, -6*p + 10 = -p + 5*g. Let s(w) = 85*w + 2. Is s(p) a composite number?
True
Let c(l) = 10*l**2 - 72 - 8*l**2 + 29*l**2 - l**2 + 11*l + 2*l**3. Is c(-14) prime?
False
Suppose -4*v + 65 = 9*v. Suppose -5*w + 112 = 2*k, 0 = v*k + 3*w - 312 + 51. Suppose -k + 149 = 7*n. Is n composite?
True
Let a(h) be the third 